{"id":30,"date":"2011-09-23T05:10:18","date_gmt":"2011-09-23T04:10:18","guid":{"rendered":"http:\/\/www.naturkosmetik-goerlitz.de\/?page_id=30"},"modified":"2014-06-17T15:50:36","modified_gmt":"2014-06-17T14:50:36","slug":"anfahrt","status":"publish","type":"page","link":"https:\/\/www.naturkosmetik-goerlitz.de\/?page_id=30","title":{"rendered":"Anfahrt"},"content":{"rendered":"<p>Daniela M\u00fchle<br \/>\nWellness- und Naturkosmetikerin<\/p>\n<p>Studio f\u00fcr Naturkosmetik und Massagen<\/p>\n<p>Jahnstr. 3<br \/>\n02828 G\u00f6rlitz<\/p>\n<div id=\"wpgmza_map\" class=\"wpgmza_map\" data-settings='{\"id\":\"1\",\"map_title\":\"My first map\",\"map_width\":\"600\",\"map_height\":\"400\",\"map_start_lat\":\"51.157541\",\"map_start_lng\":\"14.978003\",\"map_start_location\":\"51.157540719027374,14.978003052825875\",\"map_start_zoom\":\"15\",\"default_marker\":\"0\",\"type\":\"1\",\"alignment\":\"1\",\"directions_enabled\":\"1\",\"styling_enabled\":\"0\",\"styling_json\":\"\",\"active\":\"0\",\"kml\":\"\",\"bicycle\":\"0\",\"traffic\":\"0\",\"dbox\":\"1\",\"dbox_width\":\"250\",\"listmarkers\":\"0\",\"listmarkers_advanced\":\"0\",\"filterbycat\":\"0\",\"ugm_enabled\":\"0\",\"ugm_category_enabled\":\"0\",\"fusion\":\"\",\"map_width_type\":\"px\",\"map_height_type\":\"px\",\"mass_marker_support\":\"1\",\"ugm_access\":\"0\",\"order_markers_by\":\"1\",\"order_markers_choice\":\"2\",\"show_user_location\":\"0\",\"default_to\":\"\",\"other_settings\":{\"store_locator_enabled\":2,\"store_locator_distance\":2,\"weather_layer\":2,\"cloud_layer\":2,\"transport_layer\":0}}' data-map-id='1' Data-maps-engine='' data-shortcode-attributes='{\"id\":\"1\"}' style=\"display:block; overflow:auto; width:600px; height:400px; float:left;\"><\/div>\n<p>&nbsp;<\/p>","protected":false},"excerpt":{"rendered":"<p>Daniela M\u00fchle Wellness- und Naturkosmetikerin Studio f\u00fcr Naturkosmetik und Massagen Jahnstr. 3 02828 G\u00f6rlitz &nbsp;<\/p>\n","protected":false},"author":3,"featured_media":0,"parent":0,"menu_order":8,"comment_status":"closed","ping_status":"closed","template":"","meta":{"footnotes":""},"class_list":["post-30","page","type-page","status-publish","hentry"],"_links":{"self":[{"href":"https:\/\/www.naturkosmetik-goerlitz.de\/index.php?rest_route=\/wp\/v2\/pages\/30","targetHints":{"allow":["GET"]}}],"collection":[{"href":"https:\/\/www.naturkosmetik-goerlitz.de\/index.php?rest_route=\/wp\/v2\/pages"}],"about":[{"href":"https:\/\/www.naturkosmetik-goerlitz.de\/index.php?rest_route=\/wp\/v2\/types\/page"}],"author":[{"embeddable":true,"href":"https:\/\/www.naturkosmetik-goerlitz.de\/index.php?rest_route=\/wp\/v2\/users\/3"}],"replies":[{"embeddable":true,"href":"https:\/\/www.naturkosmetik-goerlitz.de\/index.php?rest_route=%2Fwp%2Fv2%2Fcomments&post=30"}],"version-history":[{"count":10,"href":"https:\/\/www.naturkosmetik-goerlitz.de\/index.php?rest_route=\/wp\/v2\/pages\/30\/revisions"}],"predecessor-version":[{"id":322,"href":"https:\/\/www.naturkosmetik-goerlitz.de\/index.php?rest_route=\/wp\/v2\/pages\/30\/revisions\/322"}],"wp:attachment":[{"href":"https:\/\/www.naturkosmetik-goerlitz.de\/index.php?rest_route=%2Fwp%2Fv2%2Fmedia&parent=30"}],"curies":[{"name":"wp","href":"https:\/\/api.w.org\/{rel}","templated":true}]}}

<p>Daniela Mühle<br />
Wellness- und Naturkosmetikerin</p>
<p>Studio für Naturkosmetik und Massagen</p>
<p>Jahnstr. 3<br />
02828 Görlitz</p>
<div id="wpgmza_map" class="wpgmza_map" data-settings='{"id":"1","map_title":"My first map","map_width":"600","map_height":"400","map_start_lat":"51.157541","map_start_lng":"14.978003","map_start_location":"51.157540719027374,14.978003052825875","map_start_zoom":"15","default_marker":"0","type":"1","alignment":"1","directions_enabled":"1","styling_enabled":"0","styling_json":"","active":"0","kml":"","bicycle":"0","traffic":"0","dbox":"1","dbox_width":"250","listmarkers":"0","listmarkers_advanced":"0","filterbycat":"0","ugm_enabled":"0","ugm_category_enabled":"0","fusion":"","map_width_type":"px","map_height_type":"px","mass_marker_support":"1","ugm_access":"0","order_markers_by":"1","order_markers_choice":"2","show_user_location":"0","default_to":"","other_settings":{"store_locator_enabled":2,"store_locator_distance":2,"weather_layer":2,"cloud_layer":2,"transport_layer":0}}' data-map-id='1' Data-maps-engine='' data-shortcode-attributes='{"id":"1"}' style="display:block; overflow:auto; width:600px; height:400px; float:left;"></div>
<p>&nbsp;</p>

<p>Daniela Mühle Wellness- und Naturkosmetikerin Studio für Naturkosmetik und Massagen Jahnstr. 3 02828 Görlitz &nbsp;</p>
