{"id":2,"date":"2011-09-23T04:57:16","date_gmt":"2011-09-23T03:57:16","guid":{"rendered":"http:\/\/www.naturkosmetik-goerlitz.de\/?page_id=2"},"modified":"2025-10-05T09:58:41","modified_gmt":"2025-10-05T08:58:41","slug":"eine-seite","status":"publish","type":"page","link":"https:\/\/www.naturkosmetik-goerlitz.de\/?page_id=2","title":{"rendered":"Preisliste"},"content":{"rendered":"<table style=\"width: 100%;\" border=\"0\" width=\"543\">\n<tbody>\n<tr>\n<td style=\"width: 72.7381%;\">individuelle naturkosmetische Behandlung<\/td>\n<td style=\"width: 16.5476%;\">ca. 60 min.<\/td>\n<td style=\"width: 9.52381%;\">\u00a056,-\u20ac<\/td>\n<\/tr>\n<tr>\n<td style=\"width: 72.7381%;\">individuelle naturkosmetische Verw\u00f6hnbehandlung<\/td>\n<td style=\"width: 16.5476%;\">ca. 90 min.<\/td>\n<td style=\"width: 9.52381%;\">\u00a076,- \u20ac<\/td>\n<\/tr>\n<tr>\n<td style=\"width: 72.7381%;\">Exclusivbehandlung Edelsteinharmonie<\/td>\n<td style=\"width: 16.5476%;\">ca. 90 min.<\/td>\n<td style=\"width: 9.52381%;\">\u00a079,- \u20ac<\/td>\n<\/tr>\n<tr>\n<td style=\"width: 72.7381%;\">Gepflegt von Kopf bis Fu\u00df<\/td>\n<td style=\"width: 16.5476%;\">ca.120 min.<\/td>\n<td style=\"width: 9.52381%;\">99,- \u20ac<\/td>\n<\/tr>\n<tr>\n<td style=\"width: 72.7381%;\">\u00a0Sch\u00f6nheitsritual f\u00fcr Haut, Herz und Sinne<\/td>\n<td style=\"width: 16.5476%;\">ca. 90 min.<\/td>\n<td style=\"width: 9.52381%;\">\u00a084- \u20ac<\/td>\n<\/tr>\n<tr>\n<td style=\"width: 72.7381%;\">Edelsteinmassage f\u00fcr Gesicht, Nacken, Dekollet\u00e9<\/td>\n<td style=\"width: 16.5476%;\">ca. 40min.<\/td>\n<td style=\"width: 9.52381%;\">\u00a040,- \u20ac<\/td>\n<\/tr>\n<tr>\n<td style=\"width: 72.7381%;\">R\u00fcckenmassage<\/td>\n<td style=\"width: 16.5476%;\">ca. 30 min.<\/td>\n<td style=\"width: 9.52381%;\">\u00a036,- \u20ac<\/td>\n<\/tr>\n<tr>\n<td style=\"width: 72.7381%;\">R\u00fcckenpflege komplett<\/td>\n<td style=\"width: 16.5476%;\">ca. 60 min.<\/td>\n<td style=\"width: 9.52381%;\">\u00a065- \u20ac<\/td>\n<\/tr>\n<tr>\n<td style=\"width: 72.7381%;\">R\u00fcckenmassage mit hei\u00dfen Kr\u00e4uterstempeln<\/td>\n<td style=\"width: 16.5476%;\">ca. 60 min.<\/td>\n<td style=\"width: 9.52381%;\">\u00a065,- \u20ac<\/td>\n<\/tr>\n<tr>\n<td style=\"width: 72.7381%;\">Klangschalenmassage<\/td>\n<td style=\"width: 16.5476%;\">ca. 50 min.<\/td>\n<td style=\"width: 9.52381%;\">\u00a050,- \u20ac<\/td>\n<\/tr>\n<tr>\n<td style=\"width: 72.7381%;\">Aroma\u00f6lmassage<\/td>\n<td style=\"width: 16.5476%;\">ca. 60 min.<\/td>\n<td style=\"width: 9.52381%;\">69,- \u20ac<\/td>\n<\/tr>\n<tr>\n<td style=\"width: 72.7381%;\">Lomi Lomi Nui &#8211; hawaiianische Tempeltanzmassage<\/td>\n<td style=\"width: 16.5476%;\">ca. 90 min.<\/td>\n<td style=\"width: 9.52381%;\">\u00a095,- \u20ac<\/td>\n<\/tr>\n<tr>\n<td style=\"width: 72.7381%;\">Lomi zum Kennenlernen<\/td>\n<td style=\"width: 16.5476%;\">ca. 60 min.<\/td>\n<td style=\"width: 9.52381%;\">\u00a069,- \u20ac<\/td>\n<\/tr>\n<tr>\n<td style=\"width: 72.7381%;\">Hot Stone f\u00fcr den R\u00fccken<\/td>\n<td style=\"width: 16.5476%;\">ca. 30 min.<\/td>\n<td style=\"width: 9.52381%;\">\u00a036,- \u20ac<\/td>\n<\/tr>\n<tr>\n<td style=\"width: 72.7381%;\">Hot Stone klassisch<\/td>\n<td style=\"width: 16.5476%;\">ca. 60 min.<\/td>\n<td style=\"width: 9.52381%;\">\u00a069,- \u20ac<\/td>\n<\/tr>\n<tr>\n<td style=\"width: 72.7381%;\">Hot Stone extra von Kopf bis Fu\u00df<\/td>\n<td style=\"width: 16.5476%;\">ca. 90 min.<\/td>\n<td style=\"width: 9.52381%;\">\u00a095,- \u20ac<\/td>\n<\/tr>\n<tr>\n<td style=\"width: 72.7381%;\">\u00a0Salz-Honig-Massage mit Moorpackung<\/td>\n<td style=\"width: 16.5476%;\">ca. 45 min.<\/td>\n<td style=\"width: 9.52381%;\">\u00a045,- \u20ac<\/td>\n<\/tr>\n<tr>\n<td style=\"width: 72.7381%;\"><\/td>\n<td style=\"width: 16.5476%;\"><\/td>\n<td style=\"width: 9.52381%;\"><\/td>\n<\/tr>\n<tr>\n<td style=\"width: 72.7381%;\">\u00a0Basenjuwel Massage<\/td>\n<td style=\"width: 16.5476%;\">ca. 60 min.<\/td>\n<td style=\"width: 9.52381%;\">\u00a069,- \u20ac<\/td>\n<\/tr>\n<tr>\n<td style=\"width: 72.7381%;\">\u00a0Basenjuwel Massage himmlisch umh\u00fcllt<\/td>\n<td style=\"width: 16.5476%;\">ca. 90 min.<\/td>\n<td style=\"width: 9.52381%;\">\u00a095,- \u20ac<\/td>\n<\/tr>\n<tr>\n<td style=\"width: 72.7381%;\"><\/td>\n<td style=\"width: 16.5476%;\"><\/td>\n<td style=\"width: 9.52381%;\"><\/td>\n<\/tr>\n<tr>\n<td style=\"width: 72.7381%;\"><\/td>\n<td style=\"width: 16.5476%;\"><\/td>\n<td style=\"width: 9.52381%;\"><\/td>\n<\/tr>\n<tr>\n<td style=\"width: 72.7381%;\"><\/td>\n<td style=\"width: 16.5476%;\"><\/td>\n<td style=\"width: 9.52381%;\"><\/td>\n<\/tr>\n<\/tbody>\n<\/table>","protected":false},"excerpt":{"rendered":"<p>individuelle naturkosmetische Behandlung ca. 60 min. \u00a056,-\u20ac individuelle naturkosmetische Verw\u00f6hnbehandlung ca. 90 min. \u00a076,- \u20ac Exclusivbehandlung Edelsteinharmonie ca. 90 min. \u00a079,- \u20ac Gepflegt von Kopf bis Fu\u00df ca.120 min. 99,- \u20ac \u00a0Sch\u00f6nheitsritual f\u00fcr Haut, Herz und Sinne ca. 90 min. \u00a084- \u20ac Edelsteinmassage f\u00fcr Gesicht, Nacken, Dekollet\u00e9 ca. 40min. \u00a040,- \u20ac R\u00fcckenmassage ca. 30 min. <a href=\"https:\/\/www.naturkosmetik-goerlitz.de\/?page_id=2\">Continue reading &#8594;<\/a><\/p>\n","protected":false},"author":3,"featured_media":0,"parent":0,"menu_order":0,"comment_status":"closed","ping_status":"closed","template":"","meta":{"footnotes":""},"class_list":["post-2","page","type-page","status-publish","hentry"],"_links":{"self":[{"href":"https:\/\/www.naturkosmetik-goerlitz.de\/index.php?rest_route=\/wp\/v2\/pages\/2","targetHints":{"allow":["GET"]}}],"collection":[{"href":"https:\/\/www.naturkosmetik-goerlitz.de\/index.php?rest_route=\/wp\/v2\/pages"}],"about":[{"href":"https:\/\/www.naturkosmetik-goerlitz.de\/index.php?rest_route=\/wp\/v2\/types\/page"}],"author":[{"embeddable":true,"href":"https:\/\/www.naturkosmetik-goerlitz.de\/index.php?rest_route=\/wp\/v2\/users\/3"}],"replies":[{"embeddable":true,"href":"https:\/\/www.naturkosmetik-goerlitz.de\/index.php?rest_route=%2Fwp%2Fv2%2Fcomments&post=2"}],"version-history":[{"count":26,"href":"https:\/\/www.naturkosmetik-goerlitz.de\/index.php?rest_route=\/wp\/v2\/pages\/2\/revisions"}],"predecessor-version":[{"id":513,"href":"https:\/\/www.naturkosmetik-goerlitz.de\/index.php?rest_route=\/wp\/v2\/pages\/2\/revisions\/513"}],"wp:attachment":[{"href":"https:\/\/www.naturkosmetik-goerlitz.de\/index.php?rest_route=%2Fwp%2Fv2%2Fmedia&parent=2"}],"curies":[{"name":"wp","href":"https:\/\/api.w.org\/{rel}","templated":true}]}}