{"id":18,"date":"2011-09-23T05:07:44","date_gmt":"2011-09-23T04:07:44","guid":{"rendered":"http:\/\/www.naturkosmetik-goerlitz.de\/?page_id=18"},"modified":"2014-05-10T16:40:29","modified_gmt":"2014-05-10T15:40:29","slug":"lomilomi-massage","status":"publish","type":"page","link":"https:\/\/www.naturkosmetik-goerlitz.de\/?page_id=18","title":{"rendered":"LomiLomi Massage"},"content":{"rendered":"<p><strong>Lomi Lomi Nui- hawaiianische Tempeltanzmassage:<br \/>\n<\/strong>Die K\u00f6nigin unter den Massagen nennen sie die Hawaiianer zu Recht. Sie wird nach alter Tradition der Heilkundigen Hawaiis durchgef\u00fchrt. Die Hawaiianer sind der Meinung, da\u00df ein entspannter K\u00f6rper gesund ist und da\u00df Spannung Krankheit erzeugt. Sie haben auch nur ein Wort f\u00fcr Krankheit und Spannung \u2013 Ma\u00b4i. Demnach haben Tiefenentspannung, das Loslassen von Problemen des Alltags, Muskellockerung und Gelenkmobilisation (die Wirkungen dieser Behandlung) einen gro\u00dfen Anteil an Gesunderhaltung und Wohlbefinden.<br \/>\nW\u00e4hrend der im Rhythmus hawaiianischer Kl\u00e4nge durchgef\u00fchrten langen Massagestriche mit wohltuendem, warmen \u00d6l lassen bald die Muskeln los, der Geist findet Ruhe und Ihr gesamter K\u00f6rper kommt in Fluss.<br \/>\nGenie\u00dfen Sie Entspannung und pure Lebensfreude aus Hawaii!<\/p>\n<p>Dauer: 60 min. oder 120 min.<\/p>","protected":false},"excerpt":{"rendered":"<p>Lomi Lomi Nui- hawaiianische Tempeltanzmassage: Die K\u00f6nigin unter den Massagen nennen sie die Hawaiianer zu Recht. Sie wird nach alter Tradition der Heilkundigen Hawaiis durchgef\u00fchrt. Die Hawaiianer sind der Meinung, da\u00df ein entspannter K\u00f6rper gesund ist und da\u00df Spannung Krankheit erzeugt. Sie haben auch nur ein Wort f\u00fcr Krankheit und Spannung \u2013 Ma\u00b4i. Demnach haben <a href=\"https:\/\/www.naturkosmetik-goerlitz.de\/?page_id=18\">Continue reading &#8594;<\/a><\/p>\n","protected":false},"author":3,"featured_media":0,"parent":9,"menu_order":0,"comment_status":"closed","ping_status":"closed","template":"","meta":{"footnotes":""},"class_list":["post-18","page","type-page","status-publish","hentry"],"_links":{"self":[{"href":"https:\/\/www.naturkosmetik-goerlitz.de\/index.php?rest_route=\/wp\/v2\/pages\/18","targetHints":{"allow":["GET"]}}],"collection":[{"href":"https:\/\/www.naturkosmetik-goerlitz.de\/index.php?rest_route=\/wp\/v2\/pages"}],"about":[{"href":"https:\/\/www.naturkosmetik-goerlitz.de\/index.php?rest_route=\/wp\/v2\/types\/page"}],"author":[{"embeddable":true,"href":"https:\/\/www.naturkosmetik-goerlitz.de\/index.php?rest_route=\/wp\/v2\/users\/3"}],"replies":[{"embeddable":true,"href":"https:\/\/www.naturkosmetik-goerlitz.de\/index.php?rest_route=%2Fwp%2Fv2%2Fcomments&post=18"}],"version-history":[{"count":4,"href":"https:\/\/www.naturkosmetik-goerlitz.de\/index.php?rest_route=\/wp\/v2\/pages\/18\/revisions"}],"predecessor-version":[{"id":62,"href":"https:\/\/www.naturkosmetik-goerlitz.de\/index.php?rest_route=\/wp\/v2\/pages\/18\/revisions\/62"}],"up":[{"embeddable":true,"href":"https:\/\/www.naturkosmetik-goerlitz.de\/index.php?rest_route=\/wp\/v2\/pages\/9"}],"wp:attachment":[{"href":"https:\/\/www.naturkosmetik-goerlitz.de\/index.php?rest_route=%2Fwp%2Fv2%2Fmedia&parent=18"}],"curies":[{"name":"wp","href":"https:\/\/api.w.org\/{rel}","templated":true}]}}